t the prime factors of a.
3, 5, 19, 29
Let q be -4 + 256 + 2/6*15. Let t = -112 + q. What are the prime factors of t?
5, 29
Let d(b) be the first derivative of -b**3/3 + 3*b**2/2 + 118*b - 12. Let z be d(0). Let y = 190 - z. What are the prime factors of y?
2, 3
Let d = 2191 + -1455. Suppose -d = -3*a - 2*r + 31, 1026 = 4*a + r. What are the prime factors of a?
257
Let d(o) = o**3 + 6*o**2 - 17*o - 7. Let r be d(-8). Let a be (-6 + 1)*(2 - r). List the prime factors of 14/(-35) - (0 + 617/a).
3, 41
Let v = -488 + 827. Suppose h + 3*q + 12 = 0, 0 = -4*q - 24 + 4. Suppose -s - 5*w + v = 3*s, 260 = h*s - 2*w. What are the prime factors of s?
2, 43
Let h = -450 - -545. Suppose 2125 = 3*a - 2*g, -3*a + h*g + 2117 = 91*g. List the prime factors of a.
3, 79
Let p(n) = 4*n**2 + 9*n - 26. Let y be p(6). Suppose g - 5*m - y = 119, 294 = g - 2*m. List the prime factors of g.
2, 37
Let t(c) = 5*c - 38. Let z(u) = -24*u + 190. Let r(i) = 16*t(i) + 3*z(i). Let w be r(-5). Let g = w - -131. List the prime factors of g.
53
Let r = 26592 - 9032. What are the prime factors of r?
2, 5, 439
Let f be -6 + -5*(-40)/25. Let i be ((-18)/(-4))/((-6)/(-8)). Suppose 172 = 2*b + j, 0 = -b + i*b + f*j - 430. List the prime factors of b.
2, 43
List the prime factors of (16365/12)/(80/3712).
2, 29, 1091
Let a be (-6)/(-9) + 9 - 5/3. Let k(u) = u**3 - 3*u - 2. List the prime factors of k(a).
2, 3
Let k = -186 - -127. Let w = k + 63. Suppose -984 = -w*j - 92. What are the prime factors of j?
223
Let z(m) = m**2 - 12*m + 48. Suppose 2*x = v + v - 176, -5*x = -2*v + 425. Let s = x - -105. What are the prime factors of z(s)?
2, 67
List the prime factors of -13 + -612*(-46)/4.
5, 281
Let t(f) = f**3 - f - 3. Let c(v) = 190*v**3 + v**2 + 3*v + 10. Let n(w) = -c(w) - 4*t(w). Let s be (-1 - -2)*(-3)/3. List the prime factors of n(s).
2, 97
Let j(b) = 6*b**2 - 7*b + 7*b**2 - 14*b**2 - 5 + 14*b. Let m be j(2). What are the prime factors of (m/((-10)/6))/((-18)/1086)?
181
Let l(x) = 4823*x - 4781. What are the prime factors of l(7)?
2, 3, 5, 7, 23
Let x = -5184 + 27385. List the prime factors of x.
149
Suppose 0 = v + 41 + 252. Let t be (-15 + 11)/1 + -484. Let i = v - t. List the prime factors of i.
3, 5, 13
Suppose b + 8*y - 22 = 3*y, 2*b - 4*y + 12 = 0. Suppose b*l - 1656 + 188 = 0. List the prime factors of l.
2, 367
Let d = 23376 - 11934. What are the prime factors of d?
2, 3, 1907
Let a = 139 + -123. Let s = a + 204. What are the prime factors of s?
2, 5, 11
Let m be ((-26)/6)/(3/(-9)). Suppose 2486 = 4*o - k, -m*k = -9*k + 8. List the prime factors of o.
3, 23
Let h be 3 + -1 + 0/(-2). Suppose -i = h*i + 21. Let j(k) = k**3 + 9*k**2 - k + 5. What are the prime factors of j(i)?
2, 5, 11
Let g(p) = 8*p**2 - 86*p + 347. List the prime factors of g(54).
19031
Let m(r) = 16*r - 7. Let k be m(5). Let n(j) = -7*j**2 + 106*j - 24. Let w be n(15). Let a = w + k. What are the prime factors of a?
2
Suppose 68864 = 69*i - 66238. List the prime factors of i.
2, 11, 89
Let g(h) be the first derivative of -183*h**4/4 - h**2/2 - h - 7. Let b be g(-1). Let u = b - 35. What are the prime factors of u?
2, 37
Suppose 73 = -y - 5*r, -2 = r - 0. Let n = -972 + 1049. Let i = n + y. What are the prime factors of i?
2, 7
Suppose -4*o - 1663 - 1957 = 0. List the prime factors of o/3*(-17 - -14).
5, 181
Suppose k - 38 = -4*y, 8 = y - 2*k + 3*k. Suppose y*s - 890 = 5*s + 3*o, -545 = -3*s + 4*o. List the prime factors of s.
5, 7
List the prime factors of (170 + -152)*((-8)/(-6) - 1) + 14309.
5, 7, 409
Suppose -n = 5*g - 130, -5*n = 2*g + g - 100. Suppose 3904 + 11771 = g*v. List the prime factors of v.
3, 11, 19
Let k = 19 + -20. Let w = k - -4. Suppose 0 = -0*s - s + w*d + 35, 3*s - d = 105. List the prime factors of s.
5, 7
Suppose 0 = -8*s + 6*s + 10. Suppose -4*h = v - 921, 0 = -s*h - 0*v + 2*v + 1135. List the prime factors of h.
229
Suppose -15*n - 15400 = -2995. Let b = n - -1127. List the prime factors of b.
2, 3, 5
Let l(j) = -133*j + 128. Let x be l(6). Let u = -295 - x. List the prime factors of u.
3, 5
Let y(x) = -7*x - 12 + 20 - 4 + x**2. Let j be y(6). List the prime factors of 8/((-147)/(-72) + j).
2, 3
Let t = 218 + -87. Let r = t - 128. Suppose 9 = r*n - 309. What are the prime factors of n?
2, 53
List the prime factors of ((-1)/2)/((-33)/2714910).
5, 19, 433
Let k be (-5)/15 + (-508)/6. Suppose 0 = 4*f + q - 493, -56*f + 59*f - 3*q = 381. Let w = k + f. List the prime factors of w.
3, 13
Let s(j) = -31*j**2 - 3406*j + 9. What are the prime factors of s(-7)?
2, 3, 1861
Suppose 10 = -7*p + 24. Suppose 3*y - 19*z = -21*z + 351, p*z = -4*y + 466. List the prime factors of y.
5, 23
Let i(v) = 10*v + 57. Let t be i(-6). List the prime factors of (-3 - -5)*161 + t.
11, 29
Suppose 3 = -3*o - 3, -5*y = 4*o + 698. Let i = -11 - y. Let m = i - 94. What are the prime factors of m?
3, 11
Let w(q) = -q**3 + q**2 + q + 335. Suppose -59*t = -57*t. What are the prime factors of w(t)?
5, 67
Let u be 1793/(-9) + (-34)/(-153). Let l = u + 506. List the prime factors of l.
307
Suppose -t - 1 = 5*m - 34, 5*m + 25 = 0. Suppose t*y - 54*y = 2780. Suppose y = g + 4*g. List the prime factors of g.
139
Let y(i) = -28*i - 181. Let b(k) = k**2 - 43*k + 187. Let p be b(37). What are the prime factors of y(p)?
17, 47
Let u(k) = k**2 + 180*k - 154. What are the prime factors of u(51)?
7, 11, 151
Let u(x) = -x**2 - 8*x - 11. Let r = -76 + 68. Let y be u(r). What are the prime factors of 4 - 6/2 - y - -1?
13
Let u(f) be the second derivative of -f**5/20 - f**4/12 + 2*f**3/3 + 3*f**2/2 + 15*f. Let t be u(-2). List the prime factors of (-2 - -2) + (-12)/t.
2, 3
Suppose 0 = -3*m + 15. Let j = 113 + -113. Suppose -45 = -y - j*l - l, m*l - 5 = 0. List the prime factors of y.
2, 11
Suppose 0 = 5*x + 3*l - 22, x + 3*l + 2*l = 22. Suppose -4*g = x*f + g - 28, -5*f + 5*g + 35 = 0. Suppose -f*r - 16 + 88 = 0. What are the prime factors of r?
2
Let b(t) = -2*t + 64 - 67*t**2 - 60 - t. Let r(q) = 67*q**2 + 2*q - 3. Let z(u) = 2*b(u) + 3*r(u). What are the prime factors of z(-1)?
2, 3, 11
Suppose 0 = 3*y - 12, 8*y - 10*y = 2*p - 28. Suppose -2*b + x - 1 + 5 = 0, 2*x = -8. Suppose b = -g - p*g + 1045. List the prime factors of g.
5, 19
Suppose -5*y + f = 2173 - 5937, -2988 = -4*y - 5*f. Suppose 0 = -14*m + 16*m - y. What are the prime factors of m?
2, 47
Let c(a) = -28*a - 8. Let v be 2 - (-4)/((-4)/(-1)). Let k(y) = y**3 - 2*y**2 - 4*y - 1. Let b be k(v). List the prime factors of c(b).
2, 13
Let x(h) = -21*h + 8 - 6 - 2. List the prime factors of x(-4).
2, 3, 7
Suppose -82698 = -113*y + 110*y + 4*q, 3*y + 5*q - 82698 = 0. What are the prime factors of y?
2, 7, 11, 179
Let g(r) = -737*r**3 - 21*r**2 - 3*r + 44. What are the prime factors of g(-4)?
2, 5861
Let f(n) be the second derivative of n**4/12 - 3*n**3/2 - n**2/2 + 10*n. Let y be f(4). Let p(u) = -u**3 - 21*u**2 + 21. List the prime factors of p(y).
3, 7
Suppose -r + 6 = -p - 1, 5*p + 5*r = -5. Let f be (-22)/4 - 6/p. What are the prime factors of (2 + -1)/(f/(-484)*1)?
11
Let u = 33 - 33. Suppose u = -4*n - 26 + 38. Let c(a) = 54*a - 12. List the prime factors of c(n).
2, 3, 5
Suppose -5*k + 2974 = 2*f, -56*k = -55*k. What are the prime factors of f?
1487
Let m be 10/(-55) - (-260)/(-22). Let l = 0 - m. What are the prime factors of 1/2 - ((-1182)/l - -4)?
5, 19
Let v(s) = 202*s**3 - 24*s**2 - 45*s + 326. What are the prime factors of v(7)?
3, 29
Suppose -3*a + 4*u = -867, a + 3*u - 115 - 187 = 0. Let f = 106 + -106. Suppose f = 3*q - a + 11. What are the prime factors of q?
2, 47
Let h = -475 + 579. List the prime factors of h.
2, 13
Let c(y) = -y**2 - 1. Let q(k) = 3*k**2 - 6*k - 21. Let t(b) = 6*c(b) + q(b). Let g be t(8). Let n = -184 - g. List the prime factors of n.
83
Suppose -15 = 2*x - 3*f, 2*x + 18 = 3*f + f. Let l(q) = -27*q + 9. Let k(c) = 14*c - 4. Let p(h) = 5*k(h) + 3*l(h). What are the prime factors of p(x)?
2, 5
Let a(q) = -9132*q**3 - 5*q**2 + 13*q + 17. List the prime factors of a(-1).
23, 397
What are the prime factors of 44723/2*270/945?
6389
What are the prime factors of (-7 - -18) + -15 + 21415?
3, 13, 61
Let w(m) be the second derivative of 101*m**4/12 - m**3/2 - 402*m. Suppose 3*i - 1 = v, 0 = -7*v + 2*v + 10. List the prime factors of w(i).
2, 7
Su